igit of q?
0
Suppose -123*b - 13911 = -40*b - 55992. What is the units digit of b?
7
Suppose k - 9 = 2*j, -17 = -k + 3*j - 4. Let a = -88 - -91. What is the tens digit of (a - -1)/(k/23)?
9
Suppose 3*s - 10212 - 6156 = -3*f, -s = 3. What is the units digit of f?
9
Suppose w + 5 = 0, -27908 = -35*s + 33*s + 2*w. What is the ten thousands digit of s?
1
What is the tens digit of 15/(-75)*(-100)/(-5) - -20818?
1
Suppose t + 4*r = 1411 + 895, 0 = 4*t - 2*r - 9152. What is the thousands digit of t?
2
Let i = -225 + 228. Let y be 1211/14 - 1/2. Suppose 125 = i*n + y. What is the tens digit of n?
1
Let k = -5970 - -8790. What is the hundreds digit of k?
8
Let l(p) = p**2 - 3*p + 155. Suppose 0 = 2*f - 2 - 2. Suppose -3*a - 4*m = 0, 2*a - f*m = -2*a. What is the tens digit of l(a)?
5
What is the hundreds digit of ((2 - 402/210)*-7)/((-1)/88675)?
2
Suppose -9 = y + 39. Let a = y - -50. Suppose 4*k = 4*b + a*k - 26, -4*b + k = -29. What is the units digit of b?
8
Suppose 409*s - 2497 = 405*s + 5*v, 2*v - 1844 = -3*s. Suppose -4*j = -1 - 19. Suppose 8*l - s = j*l. What is the tens digit of l?
0
Let k(q) = -2*q**3 + 5*q**2 + 8*q - 13. Let h be k(6). Let v = h - -380. Suppose 530 = 7*b - v. What is the tens digit of b?
9
Suppose -4*l - g - 3796 = 2*g, -2*g - 4745 = 5*l. Let i = -538 - l. What is the hundreds digit of i?
4
Suppose -f = -4*h - 65796, 89*f + 65820 = 90*f + 2*h. What is the tens digit of f?
1
Suppose 5*h - 228 = -4*q, 177 = 4*h + 3*q + 2*q. Suppose 276 = -3*k - h. Let f = 310 + k. What is the tens digit of f?
0
Let x(h) = -11 + 8*h - 6*h - 6*h + 7*h**2 - 12*h. What is the tens digit of x(5)?
8
What is the tens digit of 22*(753/18)/((-13)/(-117))?
8
Let x(v) be the second derivative of -13*v**3/3 - 31*v**2/2 - 76*v. What is the tens digit of x(-5)?
9
Suppose -2*m - 237 - 206 = 3*v, v - 431 = 2*m. Let o = -136 - m. Let l = 221 - o. What is the hundreds digit of l?
1
Suppose -5*k + 52358 = 7*g, 3*k - 6*k = 2*g - 31417. Suppose 43991 = 37*s - k. What is the thousands digit of s?
1
Let l(q) = -538*q - 1901. What is the units digit of l(-50)?
9
Suppose 92 - 89 = q. Suppose q*f = -8*f + 14432. What is the tens digit of f?
1
Let z(k) = 3*k**2 + 31*k + 40. Let m be z(-25). Suppose -44*o + 48*o = m. What is the hundreds digit of o?
2
Let x(k) = k + 22. Suppose 0 = 2*b + 3*q + 20, -7*q + 4 = -6*q. What is the units digit of x(b)?
6
Let v(u) = 28*u**2 + 7*u - 17. Let c be v(-11). Suppose 0 = 39*p - 48*p + c. What is the hundreds digit of p?
3
Let f be 2 - (3 - -1) - -4. Suppose 0 = -5*b - 4*s + 29, -f*b + 12 = b - 3*s. Suppose -b*x + 142 + 63 = 0. What is the units digit of x?
1
Suppose 0 = 18*k + 2*k + 80. What is the tens digit of (6 + (-442)/k)*2?
3
Suppose 0 = i - 15*p + 19*p - 10791, -4*p = -5*i + 54051. What is the ten thousands digit of i?
1
What is the units digit of 199 + -189 + (-4*8754)/(-2)?
8
Let n(j) = -7*j**3 + 17*j**2 - 17*j + 43. Let q(z) = z**3 + 2*z**2 - z. Let c(u) = n(u) + 6*q(u). What is the hundreds digit of c(27)?
8
Suppose 0 = -w - 6*o + 15036, 5*o = 450*w - 445*w - 75040. What is the hundreds digit of w?
0
Let t be 2 + 3 + 18 + -12. Suppose -13149 + 3535 = -t*i. What is the units digit of i?
4
Suppose 37*s + 1836 = 40*s. Let d = -352 + s. What is the tens digit of d?
6
Let p = 35681 - 9182. What is the tens digit of p?
9
Let u(m) = -m**2 + 24*m. Let l be u(11). Suppose -133 = l*s - 144*s. Let p = -6 + s. What is the units digit of p?
7
Let t = 45 - 41. Suppose -l = -t*l + 948. What is the tens digit of l?
1
Let s(g) be the first derivative of -g**4/4 + 8*g**3 - 27*g**2/2 - 11*g + 39. What is the hundreds digit of s(22)?
3
Let a = 1108 + -2331. Let p = 2014 + a. What is the units digit of p?
1
Let v = -12099 - -21253. What is the tens digit of v?
5
Suppose -22302 = -21*z + 66822. Suppose z = -7*n + 12602. What is the units digit of n?
4
Let o = -15 + 20. Let v(l) = 2*l**2 - 2*l**2 + 13*l + o + 3*l**2 + 13. What is the hundreds digit of v(-10)?
1
Let c be (-17)/(68/24) + 546. Let r = -361 + c. What is the hundreds digit of r?
1
Let j(a) = 120*a**2 + 32*a - 103. What is the units digit of j(3)?
3
Let d be (-3 - (-6)/(-3))/(-4 + 3). Suppose -3*o + 17 = d*f - 4*o, -2*f + 11 = o. Suppose -f*i - 303 - 212 = -5*g, 0 = 4*i - 20. What is the units digit of g?
7
Let d = 6066 + 5637. What is the hundreds digit of d?
7
Suppose 13*q - 18*q + 40 = 0. Suppose -2*f + 6*f = q. Suppose 0 = z - v - 13, f*z - 47 = -z - 5*v. What is the units digit of z?
4
What is the tens digit of (-331752)/(-27) - 51/((-1836)/(-40))?
8
Let s be (-6)/(-21) + (-48)/21. Let t be (6/s + 2)/((-13)/26). Suppose t*z + 45 = 621. What is the tens digit of z?
8
Suppose -3*t + 5*p = 16, -5*p + 40 = 2*t + 3*t. Let d be (t/(-1))/(1/(-23)). Suppose 15 = -9*y + d. What is the units digit of y?
6
Let l be 67 - 2 - (0 + 1). Suppose 71*a + 39*a = 23540. Let k = a - l. What is the units digit of k?
0
Let y be (-63 - -1)/(-2) + (-27)/9. Suppose -y = -24*a + 20*a. Suppose -a*r - 309 = -10*r. What is the tens digit of r?
0
Suppose -11*d - 30 = -6*d. Let t be 41*25 - (-1 - d). Suppose -5*y = f - t, 3*f + f = 5*y - 1045. What is the units digit of y?
5
Let a(x) = 281*x**3 + 2*x**2 + 27*x - 53. What is the units digit of a(3)?
3
Suppose -h = 2*w - 9338, 4*h - 3*w - 42511 = -5082. What is the units digit of h?
2
Suppose -q - 5*b = -8, 0 = 5*q - 9*q - 4*b - 32. What is the units digit of (-13444)/q - (-4 + (-52)/(-12))?
0
Let j = -158 - -2160. Let v = -564 + j. What is the units digit of v?
8
Let r(z) = -5*z - 10. Let i be r(-2). Suppose 2*h + h + 5*l - 1034 = i, -3*h + 1054 = l. Suppose -6*m + h = -61. What is the tens digit of m?
6
Suppose -3*h + 2 = 11. What is the tens digit of (h - -228)*(-2)/25*-10?
8
Let m(h) = 597*h**2 + 22*h - 7. Let j be m(4). Suppose -j = 5*p - 18*p. What is the tens digit of p?
4
Let u be 647/(-2*(15/8 + -2)). Let k = u - 1328. What is the units digit of k?
0
Let y be 45/10 - ((-15)/(-10) - 2). Suppose -y*t + 571 = -3*u + 2074, 3*t + 2521 = 5*u. What is the hundreds digit of u?
5
Let l = -9 - -24. Let o be (0 - 6)/(25/l - 1). What is the hundreds digit of 2976/(-72)*o/2?
1
Let o(i) be the third derivative of i**6/120 - i**5/10 + 7*i**3/6 + 8*i**2. Let u be o(6). Let v(j) = 9*j - 28. What is the tens digit of v(u)?
3
Suppose -2*d + 78*d - 2284560 = -114*d. What is the hundreds digit of d?
0
Suppose -46*h + 101564 = -267862. What is the tens digit of h?
3
Let a = 8470 - 1390. What is the hundreds digit of a?
0
Let s(i) be the first derivative of 89*i**3/3 + i**2/2 - 2*i + 1. Let w be 5*20/(-100)*-1. What is the units digit of s(w)?
8
Let w(c) = -40 - 4*c + 11*c - 12*c. Let t(r) = -11*r - 80. Let v(l) = 4*t(l) - 9*w(l). What is the units digit of v(-13)?
7
Let z = 78969 - 55263. What is the hundreds digit of z?
7
Suppose -6*b = -14*b + 7248. Let s = b - 504. What is the hundreds digit of s?
4
Let t(k) = -k**3 + 18*k**2 - 4*k + 32. Let q be t(18). Let d = q - -103. What is the units digit of ((-5)/15)/((-3)/d)?
7
What is the hundreds digit of (30864 - 10)*(-1)/2*(-2 - -1)?
4
Let i(z) = z**2 - 2*z + 15. Let b be i(5). Suppose -m + b = -810. Suppose 186 = -6*p + m. What is the hundreds digit of p?
1
Suppose 4*j - j = -5*v + 35243, -4*v = -3*j + 35207. What is the units digit of j?
1
Let x be 4 - ((-24)/(-10) - (-12)/(-30)). Let k be (-11 + 8)/(x + (-14)/4). Suppose -124 - 172 = -k*f. What is the units digit of f?
8
Suppose 0 = -5*t + 60 - 7905. Let f = t + 2302. What is the tens digit of f?
3
Let u = -10540 - -16131. What is the units digit of u?
1
Let i(s) = -14*s**2 + 2176*s - 144. What is the hundreds digit of i(149)?
2
Suppose -2*l = -4*i - 93800, -2*i - 76024 = -2*l + 17774. What is the hundreds digit of l?
8
Let o be 34320/70 + ((-16)/7 - -2). Suppose 11*t - o = 9*t. What is the hundreds digit of t?
2
Suppose -7 = a + 2*w, 3*a - 7 = -4*w - 18. Suppose -4*y - 405 = -a*d, -6*y = -y + 5*d + 480. What is the units digit of 1 + (-14)/18 - 7799/y?
9
Let v(z) = 49*z**2 + 14*z - 1. Let n be v(-6). Let r = -1172 + n. Suppose -3*g - 168 = -r. What is the units digit of g?
3
What is the ten thousands digit of (-92)/(-12)*(-44880)/(-34)?
1
Suppose -3793*h = -3776*h - 17119. What is the tens digit of h?
0
Let a(g) = -1 + 2*g**2 - 5 + 2 + g + 5*g. Let h be a(4). Suppose -26